(-7)*(-3654)/36. Suppose 0 = 6*x - 0*x - g. What are the prime factors of x?
3, 29
Let d be (3000/18)/(1/(-3))*-3. Let w = d + -596. List the prime factors of w.
2, 113
Let j = -14510 - -22497. What are the prime factors of j?
7, 163
Suppose -2*s - 4*y = 160, 2 = 2*y - y. Let r = 60 + s. Let w = r - -33. What are the prime factors of w?
3
List the prime factors of -13 + 846230/(-1 - -12) + -13.
2, 9613
Suppose -4*u + d = 3*d + 662, 4*d - 4 = 0. Let w(z) = -z**2 + 49*z - 29. Let v be w(54). Let j = u - v. List the prime factors of j.
7, 19
Let w(m) = -1951*m**3 - 15*m**2 - 22*m - 9. What are the prime factors of w(-2)?
15583
Let p be 9/6*(12/(-14))/((-1359)/2114). Let f(u) = 64*u**2 - 1. Let h be f(2). Suppose p*y = -y + h. What are the prime factors of y?
5, 17
Suppose -88 - 98 = -6*s. Let c be (-2 - 0)*s/2. Let w = c + 92. What are the prime factors of w?
61
Let q(b) be the second derivative of -b**5/20 - 19*b**4/12 - b**3 + 17*b**2 - 3*b - 4. What are the prime factors of q(-19)?
2, 37
What are the prime factors of ((-4)/(-10))/(262/436885)?
23, 29
Suppose 76442 = 10*n - 45031 + 33533. What are the prime factors of n?
2, 4397
Let q(x) = -x**3 + 6*x**2 - 2*x - 12. Let h be q(5). Suppose 0*i + 5*i - 4 = -3*a, -3*i - h*a + 6 = 0. List the prime factors of (-3)/(-12) + (i - (-230)/8).
2, 7
Suppose -2*v = -4*s + 42578 + 13230, -3*v - 27904 = -2*s. What are the prime factors of s?
2, 109
Suppose -2*f + 5*r + 114854 - 11954 = 0, 257134 = 5*f + 2*r. What are the prime factors of f?
2, 5, 37, 139
Suppose p = 2*f + 5228, 0 = -30*p + 25*p + 3*f + 26112. What are the prime factors of p?
2, 3, 5, 29
Let u be -12*2/8*-5. Suppose 0 = 3*o - 3*g - 468, -5*g + u = -2*g. List the prime factors of o.
7, 23
Let d = 1269 - -7302. What are the prime factors of d?
3, 2857
Let k be (15/6*-4)/((-40)/(-60)). What are the prime factors of (5/k)/((-9)/8721)?
17, 19
Let x be (4/(-10))/((-2)/450). Let h be ((-24)/20)/((-4)/x). What are the prime factors of (-6)/((-226)/(-156) - h/18)?
3, 13
Let n(h) = -12*h**3 + 21*h**2 + 96*h + 6. List the prime factors of n(-8).
2, 3, 19, 59
Let l = 38 + -34. Let s(z) = z**3 - 5*z**2 + 4*z + 2. Let q be s(l). Suppose 0 = 2*d + q*x + x - 136, -4*x = d - 73. List the prime factors of d.
5, 13
Let u(m) = -30 + 45 - 4*m + 141 + m - 4*m. What are the prime factors of u(22)?
2
Let p(h) = -329*h - 86. Let d be p(5). Let r = d - -2776. List the prime factors of r.
5, 11, 19
Let a = -429 - -436. What are the prime factors of (-20805)/(-25) - a/35?
2, 13
What are the prime factors of 2627287/117 + (-32)/72?
3, 5, 499
Suppose -5*t - 3*y + 2*y + 39758 = 0, 0 = 2*y + 14. List the prime factors of t.
3, 11, 241
Suppose -u + 4*s + 3232 = 0, -5*u - 6*s + 7*s + 16217 = 0. List the prime factors of u.
2, 811
Let w(y) = -892*y + 23. List the prime factors of w(-5).
4483
Let y = -55 + -26. Let a = y + 85. Let z(b) = 7*b**2 - 5*b - 13. List the prime factors of z(a).
79
Let n(k) = -k**3 + 20*k**2 - 19*k + 8. Let j be n(19). Suppose 5*f + 5*y = -270, -j + 112 = -2*f - 3*y. What are the prime factors of 564/14 + 0 + f/203?
2, 5
Let d be ((-2680)/10 + 8)*9/(-2). Suppose 5*h - 3*u + d = 8*h, 0 = 2*h - 5*u - 752. List the prime factors of h.
2, 193
What are the prime factors of 4 - 300/78 - (-1 - (-23671)/(-13))?
2, 911
Let p be (-45)/18*8/5. Let z be ((38/(-6))/1)/(p/24). Suppose -s + z = -43. What are the prime factors of s?
3
Suppose -20*z = -7201 - 8939. Let m = z - 438. List the prime factors of m.
3, 41
Suppose 0 = -27*q + 16*q + 132. Let c be 1*437 - (-21)/7. Suppose 17*s - c = q*s. List the prime factors of s.
2, 11
Suppose 65*w = 103*w - 1769774. List the prime factors of w.
46573
What are the prime factors of (-295071)/(-15) - (-22 - (-1070)/50)?
2, 2459
Let z(d) = -467*d - 1850. What are the prime factors of z(-4)?
2, 3
Suppose -188 = -5*a + o - 4*o, 5*a - 212 = 3*o. Let w = a - -28. Suppose 40 + w = 3*u. What are the prime factors of u?
2, 3
Let l be (2/3)/(-2*(-2)/24). Suppose c - 2*a - 1 = 0, -l*a = -a - 3. Suppose -c*i + 97 = -122. What are the prime factors of i?
73
Suppose -f + 3*h = -3*f + 8058, -2 = h. Suppose 0 = -21*t + 7*t + f. What are the prime factors of t?
2, 3
Let b be ((-15)/9)/(2/3 + -1). Suppose -3*p = -4*s + 2, -b*s + p = -2*s - 4. Suppose -s*y + 5*h = -47 + 14, 3*y - 53 = 4*h. What are the prime factors of y?
19
Suppose 0 = -2*b - 3*q + 57, -4*b + 110 = 4*q - 2*q. Let r be ((-1 + -3)/4 - -2) + -4. Let s = b + r. List the prime factors of s.
2, 3
Suppose -3*j = 22*m - 17*m - 73983, -j + 29592 = 2*m. List the prime factors of m.
3, 4931
Let v(g) be the second derivative of g**6/45 + g**5/30 + g**4/6 - 23*g**3/6 - 34*g. Let j(h) be the second derivative of v(h). List the prime factors of j(-3).
2
Let t be 4/(-4 + (-288)/(-68)). Suppose -t*r = -11*r - 3432. What are the prime factors of r?
2, 11, 13
Let n = -756 + 796. Suppose -n*w = -37*w - 3351. List the prime factors of w.
1117
Let s be (-4)/(-5)*(-45)/(-18). Let u be (1 + -1)/s - -2. Suppose -2*j = -5*g - 0*g + 485, 0 = -u*j. What are the prime factors of g?
97
Let a be -1*194 + (-1 - -2)*-2. Let w = a + 592. What are the prime factors of w?
2, 3, 11
List the prime factors of 1 + -6 + 3722 + -40.
3677
Let w = 53 + 3761. Suppose -20*u = -9386 - w. List the prime factors of u.
2, 3, 5, 11
Suppose -8*f + 352 = -4*f. Let k = -80 + f. Suppose -c + 101 = -4*d, -k*c + 3*c - 3*d = -551. What are the prime factors of c?
109
Let t(y) = y**3 - y**2 + 3*y + 260. Let c be t(0). Suppose -n - c = -5*n. List the prime factors of n + 0 + 0 + -3 + 4.
2, 3, 11
Let l(s) = -3*s**3 + 21*s**2 + 8*s + 42. Let i(y) = 7*y**3 - 43*y**2 - 17*y - 86. Let h(a) = -2*i(a) - 5*l(a). List the prime factors of h(21).
2, 359
Let f(g) be the third derivative of 3/20*g**5 + 3/8*g**4 + 0*g + 1/120*g**6 + 0 + 17*g**2 + 4/3*g**3. List the prime factors of f(-5).
3, 7
Suppose a - 17 = -5*s, 2*s - 380 = 4*a - 382. Suppose 0*c = 4*c. Suppose a*b + 2*b - 876 = -2*q, -4*b - q + 876 = c. What are the prime factors of b?
3, 73
Let w(k) = 21*k**2 + 5*k + 2. Suppose 10*g = 16*g + 6. Let b be ((-4)/(-2) + -1)/g. List the prime factors of w(b).
2, 3
What are the prime factors of (-11 - -12)*(-15119)/(-13)?
1163
Let c(x) = 9*x + 18. Let d(f) = 8*f + 19. Let a(g) = 4*c(g) - 5*d(g). Let t be a(-9). Suppose -29 = -14*l + t. What are the prime factors of l?
3
What are the prime factors of (1 - (-13 + 0))/(-2) - -7*5636?
5, 7, 23
Suppose 2*h + 427 = 6*h + 5*z, 4*z = -h + 115. Suppose -30 = 5*a, 18*a = -5*s + 14*a - 4. What are the prime factors of h/((3 - s) + 2)?
103
Let i(t) be the first derivative of 147*t**2 - 17*t + 42. What are the prime factors of i(4)?
19, 61
Suppose -14019 = -4*t - 3*o - 684, -o = -3*t + 10011. What are the prime factors of t?
2, 3, 139
Let h = 1080 + 1215. Let q = -1504 + h. List the prime factors of q.
7, 113
Let h(q) = -181*q - 925. List the prime factors of h(-26).
19, 199
Suppose 42576 + 25224 = 25*n. List the prime factors of n.
2, 3, 113
Let y(c) = -c + 2. Let p be y(13). What are the prime factors of 113372/308 - (-1)/p?
2, 23
Let i(o) be the first derivative of o**4/2 - 6*o**3 - 6*o**2 - 9*o - 21. What are the prime factors of i(12)?
3, 79
Let s(u) = u**2 + u. Let t(l) = 2*l**2 - 111*l - 3. Let d(q) = -2*s(q) - t(q). List the prime factors of d(15).
2, 3, 41
Let l = -15331 - -37100. List the prime factors of l.
11, 1979
Let n = -174 + 169. List the prime factors of 6/((-3)/n + (-18)/60).
2, 5
Let u(r) be the second derivative of r**5/20 + 5*r**4/6 - 3*r**3 - 21*r**2/2 - 50*r. List the prime factors of u(-9).
2, 3, 37
Suppose 13*t + 44 = 18. Let x(s) be the first derivative of -7*s**4/2 + s**2/2 + s - 13. What are the prime factors of x(t)?
3, 37
Let l(f) = -f**2 - 12*f + 13. Let p be l(-13). Suppose 3*y + 128 = d, -4*d + p*y = 4*y - 576. List the prime factors of d.
2, 5, 7
What are the prime factors of 117/216*(7 - -2)*-2*-1708?
3, 7, 13, 61
Let b = 79898 - 52494. List the prime factors of b.
2, 13, 17, 31
List the prime factors of (36/(-150))/((-3)/(-10)) - (-1471356)/20.
13, 5659
Let w be (-406)/116*8/(-14). List the prime factors of 3/4*558 - (-1)/w.
419
Let j(w) = -10*w + 24 + 14 + 7*w. Suppose -l = 4*n + 3, -5*l - 9 - 6 = 4*n. List the prime factors of j(n).
2, 19
Let g = -5964 + 8468. What a